is the tens digit of 18140110?
1
What is the units digit of 121455?
5
What is the hundred thousands digit of 7926517?
9
What is the hundred thousands digit of 509775?
5
What is the hundreds digit of 836462?
4
What is the units digit of 5007838?
8
What is the tens digit of 8444075?
7
What is the hundred thousands digit of 5597987?
5
What is the hundred thousands digit of 109802?
1
What is the hundred thousands digit of 669858?
6
What is the units digit of 12159526?
6
What is the units digit of 2827606?
6
What is the millions digit of 3134607?
3
What is the ten thousands digit of 13384?
1
What is the tens digit of 808020?
2
What is the millions digit of 12777538?
2
What is the tens digit of 28729150?
5
What is the tens digit of 2406056?
5
What is the ten thousands digit of 14073105?
7
What is the units digit of 6455153?
3
What is the ten millions digit of 15787216?
1
What is the hundred thousands digit of 302922?
3
What is the units digit of 259790?
0
What is the hundreds digit of 10191326?
3
What is the units digit of 871437?
7
What is the hundred thousands digit of 4961379?
9
What is the units digit of 210381?
1
What is the millions digit of 11538510?
1
What is the hundred thousands digit of 139335?
1
What is the ten thousands digit of 1248436?
4
What is the tens digit of 5131726?
2
What is the hundred thousands digit of 575371?
5
What is the ten thousands digit of 3952676?
5
What is the units digit of 3390386?
6
What is the tens digit of 461110?
1
What is the ten thousands digit of 283071?
8
What is the units digit of 39580?
0
What is the hundred thousands digit of 4318814?
3
What is the thousands digit of 7524013?
4
What is the units digit of 197046?
6
What is the hundred thousands digit of 10910991?
9
What is the hundreds digit of 17013147?
1
What is the hundred thousands digit of 10468586?
4
What is the millions digit of 22687706?
2
What is the ten thousands digit of 607718?
0
What is the tens digit of 163020?
2
What is the millions digit of 1506868?
1
What is the ten thousands digit of 416559?
1
What is the thousands digit of 14455548?
5
What is the ten thousands digit of 1313139?
1
What is the hundred thousands digit of 846092?
8
What is the tens digit of 3344557?
5
What is the tens digit of 3450323?
2
What is the tens digit of 392751?
5
What is the tens digit of 354921?
2
What is the units digit of 2050164?
4
What is the hundreds digit of 1690256?
2
What is the units digit of 5794365?
5
What is the units digit of 80750?
0
What is the units digit of 1251450?
0
What is the hundreds digit of 75497?
4
What is the thousands digit of 13463?
3
What is the hundreds digit of 1642554?
5
What is the hundred thousands digit of 409677?
4
What is the tens digit of 287635?
3
What is the hundred thousands digit of 31265348?
2
What is the hundred thousands digit of 3323334?
3
What is the ten thousands digit of 1731153?
3
What is the ten thousands digit of 413114?
1
What is the hundred thousands digit of 2788320?
7
What is the units digit of 637932?
2
What is the hundreds digit of 988681?
6
What is the hundred thousands digit of 501508?
5
What is the tens digit of 3984573?
7
What is the thousands digit of 1993180?
3
What is the tens digit of 214270?
7
What is the thousands digit of 484241?
4
What is the units digit of 105297?
7
What is the hundred thousands digit of 4614239?
6
What is the ten thousands digit of 2119784?
1
What is the tens digit of 20437526?
2
What is the hundred thousands digit of 129225?
1
What is the hundreds digit of 2523174?
1
What is the hundreds digit of 398815?
8
What is the ten thousands digit of 2302486?
0
What is the ten thousands digit of 27172912?
7
What is the hundreds digit of 166331?
3
What is the thousands digit of 4314750?
4
What is the units digit of 2851012?
2
What is the thousands digit of 102930?
2
What is the ten millions digit of 26355401?
2
What is the hundred thousands digit of 412278?
4
What is the thousands digit of 577593?
7
What is the tens digit of 3341132?
3
What is the ten thousands digit of 2497722?
9
What is the ten millions digit of 19435182?
1
What is the thousands digit of 707641?
7
What is the units digit of 4356386?
6
What is the ten thousands digit of 205896?
0
What is the tens digit of 119183?
8
What is the tens digit of 125089?
8
What is the hundreds digit of 711820?
8
What is the millions digit of 17064859?
7
What is the ten thousands digit of 52118?
5
What is the millions digit of 3354203?
3
What is the units digit of 393671?
1
What is the millions digit of 23784704?
3
What is the ten thousands digit of 9636087?
3
What is the millions digit of 2247412?
2
What is the units digit of 2678080?
0
What is the hundreds digit of 6165329?
3
What is the hundred thousands digit of 430581?
4
What is the tens digit of 2070820?
2
What is the units digit of 183167?
7
What is the ten thousands digit of 5964916?
6
What is the units digit of 320173?
3
What is the hundreds digit of 370395?
3
What is the hundred thousands digit of 2322546?
3
What is the hundreds digit of 236957?
9
What is the hundred thousands digit of 475879?
4
What is the tens digit of 90498?
9
What is the tens digit of 15380498?
9
What is the hundred thousands digit of 9148859?
1
What is the units digit of 6973086?
6
What is the hundreds digit of 843376?
3
What is the ten thousands digit of 1820468?
2
What is the ten thousands digit of 13386400?
8
What is the thousands digit of 42058?
2
What is the hundred thousands digit of 1558198?
5
What is the thousands digit of 110391?
0
What is the thousands digit of 177735?
7
What is the thousands digit of 17030876?
0
What is the tens digit of 670441?
4
What is the units digit of 7174?
4
What is the ten thousands digit of 22930590?
3
What is the hundreds digit of 2450977?
9
What is the hundreds digit of 167097?
0
What is the thousands digit of 46948?
6
What is the thousands digit of 272349?
2
What is the tens digit of 1222481?
8
What is the tens digit of 715534?
3
What is the ten thousands digit of 7739351?
3
What is the hundreds digit of 60916?
9
What is the hundreds digit of 1467848?
8
What is the hundreds digit of 13022568?
5
What is the thousands digit of 140499?
0
What is the tens digit of 271766?
6
What is the tens digit of 604633?
3
What is the thousands digit of 227275?
7
What is the tens digit of 216125?
2
What is the units digit of 130867?
7
What is the millions digit of 1437212?
1
What is the hundreds digit of 298008?
0
What is the hundred thousands digit of 4226580?
2
What is the units digit of 5217881?
1
What is the thousands digit of 17202598?
2
What is the hundreds digit of 34177?
1
What is the hundreds digit of 927203?
2
What is the hundred thousands digit of 3973536?
9
What is the units digit of 31805?
5
What is the hundred thousands digit of 514180?
5
What is the hundred thousands digit of 228945?
2
What is the units digit of 171739?
9
What is the hundreds digit of 2518236?
2
What is the tens digit of 317308?
0
What is the ten thousands digit of 244498?
4
What is the tens digit of 126079?
7
What is the units digit of 8261?
1
What is the thousands digit of 18228173?
8
What is the hundreds digit of 1151193?
1
What is the tens digit of 186265?
6
What is the ten thousands digit of 48335?
4
What is the ten thousands digit of 1079054?
7
What is the ten thousands digit of 115389?
1
What is the ten thousands digit of 236820?
3
What is the hundred thousands digit of 434188?
4
What is the hundreds digit of 550577?
5
What is the hundreds digit of 127558?
5
What is the thousands digit of 24579?
4
What is the tens digit of 14663873?
7
What is the hundreds digit of 162624?
6
What is the tens digit of 105001?
0
What is the tens digit of 9684173?
7
What is the hundreds digit of 186413?
4
What is the thousands digit of 180666?
0
What is the tens digit of 16908346?
4
What is the thousands digit of 583903?
3
What is the millions digit of 3417115?
3
What is the hundreds digit of 2642224?
2
What is the hundreds digit of 1227562?
5
What is the ten thousands digit of 2575630?
7
What is the units digit of 11131284?
4
What is the tens digit of 24794?
9
What is the millions digit of 2880564?
2
What is the tens digit of 459347?
4
What is the hundred thousands digit of 3833612?
8
What is the tens digit of 311